 - 71))
68
Evaluate (-13 + 1 - -3) + -1 + 7 + -9 + -33.
-45
-10 - (-4 + (-22 + 2 - -5))
9
-52 + 2 + (25 - 11 - 6)
-42
What is the value of -51 - (81 + 38 + -106)?
-64
(116 - 57 - -20) + -101
-22
(-2 + 18 - 1) + 2 - (-209 + 285)
-59
-2 + (-9 - (-3 + 11 + -9) - (53 - 42))
-21
Calculate -538 + 506 - (-85 + -6).
59
What is the value of 1 + 9 + ((-9 - (-16 + 6)) + 2 - 6)?
7
-13 + (-18 - -2 - -14 - -9 - -2)
-4
What is the value of -90 - ((-26 - -4) + -104)?
36
Evaluate (-109 - -153) + -51 + (0 - -1) + 24.
18
Calculate 3 - (-52 + (14 - -25) + (-32 - (-2 - -2))).
48
Evaluate 4 + (6 - (27 - 32)) - (20 + 2).
-7
What is the value of -53 + (44 - (-23 - 78))?
92
Calculate -8 + 16 + 3 + 11 + 28.
50
Evaluate -1 + -76 + 31 + -8.
-54
What is 4 - (992 - 968 - (-15 + 0))?
-35
What is -55 - (-37 - -101 - 82)?
-37
What is the value of -1 + 12 - (-167 + (106 - -13))?
59
What is the value of (13 - (1 - 19) - 6) + (8 - 2)?
31
What is (4 - 0 - (-658 - -609)) + -2 + 10?
61
What is the value of 22 - -17 - (-13 + -9 + 24)?
37
What is the value of 34 - (11 - (24 + -33)) - (57 - 1)?
-42
Evaluate 4 + (4 - (-51 + 28)).
31
Calculate 97 + -2 + 2 - (327 + -334) - 13.
91
Evaluate (42 - 4) + (-142 - -43).
-61
-30 + -10 + 5 + 44 - 44
-35
Evaluate (-28 - (-5 + 28)) + 10 + -5.
-46
What is the value of 0 + 166 + -2067 + 2037 + -1 + -6?
129
(-25 - (5 + -20)) + (-4 - -6) + 55
47
-3 + (-6 - -4) - (49 + -49 - -60)
-65
-27 - -19 - -78 - 96
-26
Evaluate -91 - (10 - (23 - 36 - -34)) - 13.
-93
Evaluate -33 + (28 - 36) - (2 + -1 + 4 - -2).
-48
What is -38 + 2 + 43 + -50?
-43
-1 + -24 + (3 + 7 + -3 - (2174 - 2168))
-24
Calculate 33 + (-159 - -74 - -54).
2
What is 3 - (-100 + (12 - (-6 - -10)) + -9 + 11)?
93
What is 57 + (-122 + 52 - -39)?
26
What is -1 + -2 - 6 - (-30 + 13 - 2)?
10
Calculate -2 - -8 - (-59 - (-159 + 86)).
-8
What is 0 - (-3 - -3) - (13 - -28 - 8)?
-33
-7 + -8 + -41 + (-2 + -2 + 8 - 2)
-54
(270 + -267 - -21) + (6 - 1)
29
What is the value of -1315 + 1330 - (2 - (-5 - 1))?
7
What is the value of (-19 - (-44 + (4 - -6))) + -29 + 60?
46
-2 + -5 + (-3402 - -3483)
74
What is the value of -2 + 23 - (2113 - 2102)?
10
Evaluate 41 + (2 - (119 + -20 + 16)).
-72
Evaluate 2 + 96 - ((31 - 8) + (-25 - -64) + -67).
103
What is 10 + (93 - 137) + 110?
76
Evaluate (12 - (-2 - -4)) + -554 + 658 + 2 + -24.
92
Calculate (-1 - 0 - -19 - 2) + 5638 + -5676.
-22
Evaluate -7 + 1 + 9 + -3 + (61 - 52).
9
Evaluate -62 - (59 - (65 + 70)).
14
-61 + -3 + 24 - (-1 + (1 - 3) + 0)
-37
What is (35 - 5) + (-22 - 6) + (101 - (3 + 2))?
98
What is the value of -44 - 0 - (69 - (62 + 3))?
-48
What is the value of (2 - 0 - (-22 + 1)) + -85453 + 85411?
-19
-12 + (-46 + 93 - 47) + -9 + -1
-22
Calculate -1 + -9 + -1 - (-43 + 28 + 6 - 0).
-2
Evaluate 46 - (3 + (-22 - (2 + -3)) - (43 + -55)).
52
Evaluate -16 + (7 - -1 - (-21 + 18 - -96) - -8).
-93
What is the value of -5 - (-140 + -3 + 8 + -45 + 61)?
114
What is the value of -149 - (-95 - (-58 - -101))?
-11
Calculate 6 + -6 + (37 - ((13 - 15) + 2)) - 5.
32
What is the value of -75 - -65 - (43 + -4)?
-49
17 + (2 - -49) - 59
9
What is the value of -5 - (5 + -10 + (5 - 2) + 18 + 4)?
-25
What is (47 - 19) + (-237 - -230)?
21
What is 5 + -11 + -3 + (28 - (11 + -31 + 10))?
29
Calculate -39 + 60 + (-64 - (-13 + 9)).
-39
Calculate 70 + (-6 - 2) + (139 - 104).
97
-9 - (-14 + 1 + (-4 - -44) + 28)
-64
15 - (0 + -8 + (-429 - -450) + (0 - -108))
-106
Calculate (-5 + 11 - 6) + -19 + 0 + 12 + -71.
-78
Evaluate (-47 - -43) + (-22 - (2 + 6)).
-34
Calculate (-3 - 18) + 84 + -21 + 8 + 2.
52
83 + (-2 - 35 - -34) + -16
64
Evaluate 9719 + -9689 - (0 + 12).
18
-26 - (-24 - (-13 - -36))
21
-1614 - -1611 - (-1 + (2 - -37))
-41
What is the value of -1 + -30 - (84 - 96) - -18?
-1
Calculate 0 - -5 - (-48 + 55) - (7 + 2).
-11
Calculate -72 - (20 - (259 + -87)).
80
5 + (-34 - (36 - -2)) - 15
-82
What is the value of 33 + 2 + 10 + -8 + (-16 + 19 - 3)?
37
What is the value of (-6 - -11) + 4 - ((-7 + 8 - 14) + -42)?
64
What is the value of -78 + 96 + -20 - ((1 - (0 - 1)) + 67)?
-71
(-1 - -3) + 13 - (-60 + -44 + 195)
-76
Evaluate (2 - -12 - -1 - 2) + (-1422 - -1414) + -36.
-31
25 + -2 + (-37 - 26) + 24
-16
Calculate -67 - (-35 - (6 - (17 + 3))).
-46
Calculate 3 - (31 + -20 + -18) - (84 - (1 + -3)).
-76
Calculate 72 + -22 - (87 + -17).
-20
Evaluate (-5 - -7 - 26) + (298 - 277) + 21 + 1.
19
Calculate (-2 + -3 - -26) + (155 - 200).
-24
Evaluate 34 + -11 + -36 + 2 + 6.
-5
What is -80 + -8 + 13 + 5 + (-16 - -8 - 4)?
-82
What is the value of (-6 - 2 - -11) + 1 + 96 + -4 + 2?
98
-24 + -1 + 64 - (18 + -4)
25
What is the value of (2 - (-6 - 3) - ((-13 - -31) + -3)) + -5?
-9
Evaluate 12 + (-2 - ((-5 - -16) + (-5 - 0))).
4
Calculate (-2 - 8) + 2 + -53 - -16.
-45
Evaluate 10 + -21 + (7 - 3) - -3 - -28.
24
Calculate (15 - -18) + -1 + -25.
7
What is the value of (-3 - -56 - (54 + -37)) + (-12 - 1)?
23
What is -19 + (-1433 - -1403) + (12 - 0)?
-37
What is the value of (1 - (34 - 4)) + 628 + -632?
-33
Evaluate 47 + -31 + 16 + -68.
-36
-9 + 26 + (3 - 2) - 30
-12
Evaluate 43 - (-18 - (-55 + 6)).
12
Evaluate (6 - -1) + 1 - (-80 + 262 - 118).
-56
Evaluate (428 + -474 - (-48 + -2)) + -52 + (0 - 0).
-48
Evaluate -44 - (-86 - -110 - (-5 + (4 - -8))).
-61
Calculate 159 - 143 - (6 - (-4 + 5) - -1).
10
(-20 - (-32 + 5)) + 8 + -19 - 5
-9
Evaluate -11 + 12 + 12 - -7 - 23.
-3
Calculate -22 + 4 - (16 + -31 + 11).
-14
What is the value of -10 - (177 + -165 + 2 + (-11 - 2))?
-11
Calculate 20 - (-15 + (-5 - (-38 - 23))).
-21
What is the value of -29 + (17 - (-20 - -21)) + -26?
-39
What is the value of (17 - 31) + (-5 + 2 - (1 + -3))?
-15
What is -7 + 29 + 19 - -4?
45
Calculate 0 + 11 + -20 + (-19 + 30 - 39).
-37
Evaluate -70 + 1 + -68 + (90 - -10).
-37
-9 - -52 - (-20 + (-12 - 0))
75
Evaluate -526 + 596 - (-7 - (-7 + -1 + 15)).
84
-1 - (-3 + 7) - (12 + -8 + -15)
6
Evaluate 108 + -4 + 7 + -161 + 134.
84
-83 + 73 + (-55 - 3) + 4 - (3 - 2)
-65
Calculate -12 - (11 + -17 - 8 - 5) - (-11 - 3).
21
Calculate 12 - 23 - (-48 + 98 + 18).
-79
Evaluate 36 - 2 - ((6 - -5) + -6).
29
What is -12 - (4 + 7 + -20 + -1) - (7 - -2)?
-11
Evaluate -36 - ((-151 - -62) + 33).
20
Calculate -48 + 37 - (-78 - (3 - (8 - 0))).
62
What is the value of 27 - 22 - (-236 - -231)?
10
What is 13 + (-53 - -41) + -41?
-40
What is -23 - (-10 - 11) - 13?
-15
What is the value of -147 + (80 - (29 - 22))?
-74
What is the value of 12 + 4 + 5 - (-8 - 5) - (1 + 5)?
28
What is the value of -6 + -1 + 2 + (863 - 870) - (3 - -1)?
-16
What is the value of -1 - ((-1 - -3) + -46 - (-12 - 9 - -25))?
47
What is the value of 19 + (-51 + 103 - (13 - 2)) + 19?
79
Evaluate 27 + (-17 - -11) + 26 - -46.
93
Calculate (24 + -30 - (-4 + -3)) + (2 - 35).
-32
What is the value of 21 + (-42 + 25 - (84 - 11))?
-69
-1 + -16 - (11598 + -11667)
52
What is the value of 0 - -5 - ((-42 - -240) + -24 + -49)?
-120
What is the value of (-73 + -115 + 206 - (-1 - -18)) + 2 + -12?
-9
Evaluate 78 - (32 - 74 - -64).
56
3 + 0 - (-2 + 3) - (50 + 8 - 39)
-17
Calculate -10 + (15 + -9 - 35) + 2.
-37
135 + -180 + (50 - 1)
4
79 + -141 + -97 - -69
-90
-2 + (-17 - (-4 - 0) - (-16 - -6))
-5
What is -8 + 6 + 7 + -10 - (7 + -5 + -1)?
-6
What is -31 + 9 - (-31 + -20 + 3)?
26
Calculate 2 - -20 - (-154 + 210).
-34
What is the value of 2 + -3 + 1 + -11 - -14 - 15?
-12
What is the value of 1 + 80 - (8991 - 8809)?
-101
Calculate -6 - (18 + -1 + -14) - (3 - 69).
57
Calculate (19 - 106) + 2 + 6.
-79
What is the value of (8 - 17 - -7 - -4) + -2 - (85 + -9)?
-76
8 + (-1 - 0) + 67 + (-96 - -33)
11
(4 + 54 - 40) + (0 + 1 - 2)
17
Evaluate -17 + -44 - -59 - -2.
0
Evaluate 6 - -1 - ((-112 - -214) + -58).
-37
Calculate 4 + -4 + (23 - (66 + -2)).
-41
Calculate -40 - (49 + -86) - (-27 - (3 - 6)).
21
What is the value of -11762 - -11696 - (0 + -65)?
-1
Calculate 13 + (-5 - 25) + -45 - (-5 + -1) - -8.
-48
What is -24 + -16 + -17 + -27?
-84
What is -12 + 29 + 2 - -16?
35
What is 31 + -38 + 35 + -36 + -38?
-46
Calculate (5 - 4) + 1 + -2 + 0 - (263 + -268).
5
Calculate -5 + (10 - -8 - (37 + -1)).
-23
Calculate -11 + 92 - -3 - 21 - 20.
43
What is 21 + 1 - (-437 - -444)?
15
49 + (3 - (1 + 8 - 3))
46
Evaluate (2 - (11 - 1)) + (377 - 381) + 104.
92
What is -583 + 583 + (2 - (-1 - 33)) - (-3 + 1)?
38
What is the value of (-5 - (-13 - -8)) + (-1 + 3 - (-24